What are the prime factors of (3/w)/(12/2256)?
2, 47
Suppose 6*x - 5*i = 11*x + 10, -3*x = -i + 14. Let l(h) = -2*h**3 - 6*h**2 - 3*h + 3. Let j be l(-6). List the prime factors of 42/72*j - 3/x.
139
Let l(a) = 81*a - 8101. What are the prime factors of l(126)?
5, 421
Suppose -10*o = -16*o + 18. Suppose o*q = j + 567, -44*q + 42*q - 2*j = -378. What are the prime factors of q?
3, 7
Suppose 3*x - 78 = 5*c, 12*c - 15*c - 22 = -x. Let u = 174 + x. What are the prime factors of u?
5, 41
Suppose 154*a + 5022 = 181*a. Let n be 1/1 + (-1)/1. Suppose -2*u + n*u = -a. List the prime factors of u.
3, 31
Let l be (4 - (1 - -2))*(-1 + -31). Let m = 184 + l. Suppose m - 428 = -4*r. What are the prime factors of r?
3, 23
Suppose 34 = -4*g - 46. Let o = g - -22. Suppose o*t = -5*d + 114, d - 4*t + 2*t - 30 = 0. What are the prime factors of d?
2, 3
Suppose -c = -3*c - 32. Let v be (-1 + 33/(-4))*c/2. Suppose v*m = 81*m - 1092. What are the prime factors of m?
2, 3, 13
Let k(h) = h**3 - 5*h**2 - 5*h - 4. Let r be k(6). Let w be 2/10 + (-728)/(-260). Suppose r*y + 41 + 56 = 3*m, -3*m = w*y - 87. What are the prime factors of m?
31
Let b = -6371 + 10956. Suppose 25*x - b = 3365. List the prime factors of x.
2, 3, 53
Let y = -38 - -41. Let g be y/8 + (-212)/(-32). Suppose 54 - 852 = -g*w. What are the prime factors of w?
2, 3, 19
Let p = 1878 + 13099. List the prime factors of p.
17, 881
Let y(r) = -r**3 + 18*r**2 + 18*r + 24. Let h be y(19). Suppose -1387 = -24*f + 22*f - h*o, 3*f + o - 2048 = 0. What are the prime factors of f?
3, 227
Let h = 3085 - 1842. Suppose h = -6*g + 4933. List the prime factors of g.
3, 5, 41
Suppose 13*g - 48 = -2*s + 17*g, -15 = 5*g. Suppose 3*x + 5840 = 7*x. Suppose -s*u + x + 664 = 0. What are the prime factors of u?
2, 59
Let k = -13461 + 75966. List the prime factors of k.
3, 5, 463
Let m = 10 + -1. Let x be (-1984)/(-18) + (-2)/m. Suppose a + 184 = 5*y, -a = 3*y - 2*a - x. What are the prime factors of y?
37
Suppose -3*u + 20 = -4*d - 7*u, d + 3*u = -15. Suppose -14*o - 14*o + 26*o = 0. Suppose o = -3*v - d*v + 144. What are the prime factors of v?
2, 3
Suppose 7608*l = 7601*l + 95851. List the prime factors of l.
13693
Suppose 2*x = 3*t + 47826 + 6110, 4*x - 5*t = 107878. List the prime factors of x.
53, 509
Let w(a) = a**3 + 6*a**2 + 5*a - 9. Let z be w(-5). Let h be 2/((-6)/z) - (1 - 3). Suppose 0 = 5*o - 4*r - 115, 2*o + h*r = 11 + 2. List the prime factors of o.
19
Suppose 0 = -4*z + 4, 4*b - 5058 - 13581 = -3*z. List the prime factors of b.
3, 1553
Let y(s) = -2*s**3 + 60*s**2 - 68*s - 42. What are the prime factors of y(28)?
2, 5, 7, 17
Let r(f) = -f**2 - f + 8. Let h be r(-3). Suppose -9*x = -h*x - 2576. Suppose -3*c - 91 = 5*z - x, -4*c + 321 = -3*z. List the prime factors of c.
2, 3, 7
Suppose l - 5 + 1 = 0, -l = -k. Suppose -3*h + 2*b = -2*b - 616, -2*b - 410 = -2*h. Suppose 6*a = k*a + h. What are the prime factors of a?
2, 3, 17
What are the prime factors of (-2)/(-16)*2 + (-40198)/(-8)?
3, 5, 67
Let m = -812 + 900. List the prime factors of (-1)/((44/m)/(1429/(-2))).
1429
Let j(u) = 13*u**3 + 2*u**2 + 60*u - 251. List the prime factors of j(5).
2, 431
Let m be -3 - -4 - (-1)/(-1). Suppose -4*p - 3*h + 361 = m, 2*p - 2*h + 3*h = 181. What are the prime factors of 3 + -7 - (-1 - p)?
2, 11
Let y be (-301)/(-2) + (5/(-2))/5. What are the prime factors of ((-202)/3 - 2)/(y/(-675))?
2, 3, 13
Let c(n) = -6*n**2 + 4*n + 7. Let w be c(-6). Let a = w - -317. What are the prime factors of a?
2, 3, 7
Let w = 91 - 99. What are the prime factors of (-6)/w + (-25925)/(-20)?
1297
Suppose 4*n = g + 10894, -13*n + 10*n + 5*g = -8179. What are the prime factors of n?
7, 389
What are the prime factors of (9/(-15) - (-8)/5)*(-171684)/(-18)?
2, 19, 251
Let k(q) = -q**2 + 3*q - 2. Let t = 8 - 6. Let j be k(t). Suppose -3*x - x + 304 = j. List the prime factors of x.
2, 19
Let u(f) be the third derivative of 3/20*f**5 + 0*f - 1/120*f**6 + 35*f**2 + 11/24*f**4 - 7/2*f**3 + 0. What are the prime factors of u(9)?
2, 3, 13
List the prime factors of 8 + -4 + 200/15*12396/10.
2, 4133
Let t = -127 - -130. Suppose -z + 3*z - 126 = 4*q, t*q = -3*z + 225. What are the prime factors of z?
71
Let t(l) = -2*l**2 - 23*l - 14. Let b be t(-10). Suppose 4*o = b, -4 + 0 = -m - o. Suppose m = 2*z - 128 - 164. What are the prime factors of z?
2, 73
Suppose 32*m - 17*m - 47685 = 0. What are the prime factors of m?
11, 17
Let g(w) = -386*w - 738. What are the prime factors of g(-19)?
2, 17, 97
Suppose -9*v + 1 + 17 = 0. Suppose -130 = 2*q - v*y, -3*y + 6 + 61 = -q. List the prime factors of ((63/(-6))/(12/q))/1.
2, 7
Let b = -17 + 20. Let s(h) = h - h + 47*h**2 - 4*h + b*h. What are the prime factors of s(1)?
2, 23
Let r(u) = 17*u + 104. Let k be r(8). What are the prime factors of 1 + 396 + k/48?
2, 3, 67
Let a(f) = -5*f**2 + 32*f - 10. Let s be a(6). Suppose 2*g = -2*x + 1398, s*x - 1393 = -6*g + 3*g. List the prime factors of x.
2, 11
Suppose 5*n = 3*x - 952, 0*x + 5*n - 593 = -2*x. Suppose v = 2*v - 3*f - 274, v + 4*f - x = 0. List the prime factors of v.
17
Let v be 30/(-35) - 43278/(-21). Let n = v + -1005. What are the prime factors of n?
5, 211
Let d(u) = -3*u**3 - u**2 + u + 1. Let p be d(-1). Suppose 1261*a - 1265*a = -4. What are the prime factors of (-56)/(-24)*(p + a)?
7
Let g = -345 + 373. Suppose g*m + 293 = 29*m. List the prime factors of m.
293
Let r be (-5 - -8) + -7 - 1616. Let b = -718 - r. List the prime factors of b.
2, 11, 41
Suppose 0 = 27*g - 145690 - 313418. What are the prime factors of g?
2, 3, 13, 109
Suppose -4*s - 41*t + 179908 = -37*t, 3*t + 179852 = 4*s. List the prime factors of s.
193, 233
Let h(y) = 2*y**2 + 51*y + 10. Let m be h(-26). Suppose 42*j - m*j - 6354 = 0. What are the prime factors of j?
3, 353
Suppose x = -87 - 46. Let d be (-28747)/x + 2/(-14). Suppose -15 - d = -3*o. List the prime factors of o.
7, 11
Let k = 2847 + -421. What are the prime factors of k?
2, 1213
Let x(r) = r**3 + 2*r - 66. Let j be x(0). List the prime factors of ((-5)/(-50)*j)/(3/(-105)).
3, 7, 11
Let c be (-1)/3 + 35/15 + 28. Let l = 31 - c. Suppose 0 = -x - l, -213 = -3*h - 2*h + 3*x. List the prime factors of h.
2, 3, 7
Let u be (-32)/(0/(-2) + (-4)/(-982)). Let j = u - -4724. What are the prime factors of 2/8 + (-1 - j/16)?
3, 5, 13
Let q = 9292 + -5005. What are the prime factors of q?
3, 1429
Let y(x) = -x**2 + 10*x + 6. Let b be y(10). Suppose u - 30 = 55. Let h = u - b. What are the prime factors of h?
79
Let s(w) = -13*w**3 - 21*w**2 + 74*w - 29. Let m(j) = -22*j**3 - 41*j**2 + 149*j - 59. Let z(v) = -3*m(v) + 5*s(v). What are the prime factors of z(-15)?
2, 7, 19
Suppose -20*b = -18*b - 13468 - 34520. What are the prime factors of b?
2, 3, 31, 43
Suppose -1 + 13 = 6*h. Suppose 5*z - 5*m + 20 + 0 = 0, -h*z = 3*m + 13. List the prime factors of -4*z/(-60) - 536/(-6).
89
Let v(t) = -9*t + 980. What are the prime factors of v(9)?
29, 31
Suppose -16*v + 19*v + 2994 = 0. Let x = -145 - v. List the prime factors of x.
853
Let o = -91 + 91. Let t(c) = c**3 + 2*c + 377. List the prime factors of t(o).
13, 29
Let d(a) = a**3 + 9*a**2 + 13*a + 10. Let x be d(-8). List the prime factors of 1858/2 + 5/(x/(-18)).
2, 233
Suppose -6*b + 110 = -b. Let l(n) = n**3 + n**2 - n - 1. Let d(k) = -4*k**3 - 26*k**2 - 16*k + 29. Let t(z) = d(z) + 5*l(z). List the prime factors of t(b).
2, 23
Suppose -220948 = -36*z - 13480. What are the prime factors of z?
3, 17, 113
Suppose 5*m - y - 413 = 0, y = m - 0*y - 81. Let c = m - 87. List the prime factors of 2/3 + (2116/(-3))/c.
3, 59
Let p = 11137 - 5625. What are the prime factors of p?
2, 13, 53
Let w be 14 + -13 + 92/(-1). Suppose -284 = -2*i + 5*q, -3*i - 2*i = 3*q - 648. Let j = w + i. List the prime factors of j.
41
Suppose 13*v - 2484 = 22*v. List the prime factors of (2 + v)*9/(-18).
137
Let z = 27992 - -26725. List the prime factors of z.
3, 13, 23, 61
Suppose -12 = -w - 2*w, 4*w - 5991 = -5*b. Let l = 2031 - b. What are the prime factors of l?
2, 11, 19
Suppose -369*r + 4747427 = -1276498. What are the prime factors of r?
5, 653
Let n(a) = -44*a + 64. Let o(x) = x**3 - 38*x**2 - 37*x - 100. Let v be o(39). What are the prime factors of n(v)?
2, 3, 43
Let z be -4*2/12 + 71744/12. Suppose z = 7*d + 22